
-21
Let o(m) = 2*m**3 - 7*m**2 + 5*m + 10. What is o(-2)?
-44
Let o(a) = -a**2 + 29*a - 139. Give o(6).
-1
Let r(m) = m**3 + 67*m**2 + 493*m - 1677. Determine r(-58).
5
Let i(y) = 2*y**3 + 30*y**2 + 18*y + 40. What is i(-15)?
-230
Let a(k) = 495*k + 2949. Calculate a(-6).
-21
Let q(g) = g**2 + 246*g + 3899. Determine q(-17).
6
Let c(g) = -16*g**2 + 122*g - 11. Determine c(11).
-605
Let g(n) = n**3 + 72*n**2 + 335*n + 35. What is g(-67)?
35
Let s(f) = 45*f**3 + 5*f**2 - 7*f - 21. Give s(-2).
-347
Let d(b) = 3*b**2 - 450*b - 3794. Give d(-8).
-2
Let m(b) = -4*b**2 + 121*b - 240. Calculate m(2).
-14
Let v(f) = 2*f**3 - 193*f**2 + 93*f + 311. Give v(96).
23
Let h(b) = -b**2 + 20*b + 791. Give h(-20).
-9
Let n(v) = v**2 - 54*v + 368. What is n(46)?
0
Let y(z) = 1438*z - 31679. What is y(22)?
-43
Let a(j) = j**3 + 15*j**2 - 101*j + 72. What is a(5)?
67
Let t(c) = 32*c + 79. Determine t(7).
303
Let m(u) = -118*u + 343. Determine m(3).
-11
Let d(x) = -x**3 + 49*x**2 + 10*x - 489. Give d(49).
1
Let n(l) = l**2 - 100*l - 15737. Give n(-85).
-12
Let p(b) = -b**3 + b**2 + 205*b - 93. Calculate p(-14).
-23
Let v(b) = 4*b**2 - 69*b - 67. Calculate v(18).
-13
Let x(k) = -221*k + 28. Calculate x(0).
28
Let z(j) = 24*j - 204. Determine z(6).
-60
Let g(t) = -2*t**3 + 61*t**2 - 28*t - 80. Calculate g(30).
-20
Let s(a) = -53*a**3 - 12*a**2 - 9*a - 1. What is s(-1)?
49
Let c(a) = a**2 + 64*a + 855. Calculate c(-45).
0
Let h(r) = -86*r**2 + 1133*r - 178. Calculate h(13).
17
Let v(k) = -k**2 - 14*k + 1051. What is v(-36)?
259
Let g(v) = -323*v + 2263. What is g(7)?
2
Let w(z) = -134*z + 665. Calculate w(5).
-5
Let q(f) = 37*f + 51. Determine q(-5).
-134
Let a(d) = 37*d + 1183. What is a(-32)?
-1
Let l(n) = -44*n**3 - n**2 - 49*n - 102. Give l(-2).
344
Let h(z) = z**2 + 1048*z + 21565. Determine h(-21).
-2
Let x(t) = t**3 + 26*t**2 + 69*t - 1292. Determine x(-13).
8
Let c(d) = d**3 + 54*d**2 - 172*d - 52. Give c(-57).
5
Let d(z) = -51*z - 1688. What is d(-34)?
46
Let h(u) = -2*u**3 - 17*u**2 - 13*u - 29. What is h(-8)?
11
Let y(p) = -56*p**2 - p - 1. Give y(2).
-227
Let s(c) = c**3 + 37*c**2 - 119*c + 36. Determine s(-40).
-4
Let c(p) = p**3 - 12*p**2 - 21*p + 63. Calculate c(10).
-347
Let v(c) = 2*c**3 + 3*c**2 - 8*c + 12. Give v(-4).
-36
Let l(p) = p**3 - 9*p**2 - 1230*p + 11063. What is l(9)?
-7
Let u(r) = -247*r + 8145. What is u(33)?
-6
Let l(j) = -3*j**2 + 691*j + 2113. What is l(-3)?
13
Let r(u) = -3088*u - 27. Give r(0).
-27
Let n(q) = -8*q + 306. Determine n(44).
-46
Let h(o) = -44*o - 3745. Determine h(-85).
-5
Let g(x) = -65*x**2 - 56*x + 15. What is g(2)?
-357
Let w(n) = 4*n**2 - 185*n - 188. Calculate w(47).
-47
Let d(o) = -o**3 + 115*o**2 + 362*o - 950. Determine d(118).
-6
Let c(f) = 480*f + 14. What is c(0)?
14
Let k(y) = -4*y**3 - 30*y**2 + 26*y + 75. Calculate k(-8).
-5
Let l(a) = -a**3 + 25*a**2 - 69*a + 23. Determine l(22).
-43
Let n(b) = -b**2 + 371*b + 17729. Determine n(-43).
-73
Let x(q) = -q**2 + 137*q - 1605. Calculate x(13).
7
Let h(u) = u**2 - 16*u - 959. Determine h(-24).
1
Let s(b) = -b**3 - 10*b**2 - 2*b + 48. Calculate s(-10).
68
Let o(y) = 2*y**2 - 33*y + 165. Calculate o(10).
35
Let n(r) = -38*r - 71. Determine n(-4).
81
Let j(w) = -w**3 + 16*w**2 + 192*w + 157. Determine j(24).
157
Let u(r) = 526*r + 55819. What is u(-106)?
63
Let i(z) = -z**3 + 52*z**2 - 55*z + 38. What is i(51)?
-166
Let n(j) = j**2 - 10*j - 11. Calculate n(11).
0
Let l(a) = -a**3 - a**2 + 8*a + 868. Determine l(0).
868
Let l(t) = 5*t + 299. What is l(-48)?
59
Let r(j) = -5*j**2 - 38*j + 21. Calculate r(-10).
-99
Let s(j) = 9*j + 645. Give s(-73).
-12
Let i(b) = 284*b - 18189. What is i(64)?
-13
Let y(v) = -v**3 - 20*v**2 - 90*v + 95. Give y(-10).
-5
Let z(s) = -12*s**2 + 214*s + 6. Give z(18).
-30
Let x(f) = 354*f - 7073. Determine x(20).
7
Let b(v) = -v**2 - 50*v + 78. Give b(-44).
342
Let a(i) = -i**3 + 8*i**2 - 9*i + 47. Calculate a(5).
77
Let t(n) = 2*n**3 - 15*n**2 - 8*n + 32. Calculate t(7).
-73
Let t(p) = -66*p - 29. Give t(1).
-95
Let b(z) = 26*z**2 - 17*z - 33. Determine b(-2).
105
Let u(n) = 2*n**3 - 69*n**2 - 440*n - 86. What is u(40)?
-86
Let w(j) = -12*j**2 + 212*j + 15. What is w(17)?
151
Let s(w) = 2*w**3 + 2*w**2 + 79*w + 154. Determine s(-2).
-12
Let q(m) = 9*m**2 - 43*m + 115. Give q(10).
585
Let f(r) = 9*r - 1019. Calculate f(61).
-470
Let c(h) = 6*h**3 - 245*h**2 - 51*h + 407. Calculate c(41).
-3
Let d(q) = -q**3 - 71*q**2 + 24*q - 3443. Calculate d(-72).
13
Let n(h) = -h**2 + 11*h + 65. Calculate n(16).
-15
Let p(n) = 5*n + 72. Calculate p(-24).
-48
Let f(b) = 2*b**3 + 36*b**2 + 16*b - 309. What is f(-17)?
-3
Let y(q) = q**3 + 64*q**2 + 201*q + 32169. Give y(-68).
5
Let m(n) = n**3 - 34*n**2 - 591*n + 51. Give m(-13).
-209
Let k(q) = -q**3 - 17*q**2 - 69*q + 21. Determine k(-9).
-6
Let w(j) = -119*j - 1357. Determine w(-11).
-48
Let v(x) = 2*x**3 - 22*x**2 + 23*x + 3. Give v(10).
33
Let k(u) = -u**3 + 19*u**2 + 38*u + 21. Determine k(21).
-63
Let i(b) = b**3 - 13*b**2 - 16*b - 1. Give i(-1).
1
Let r(q) = -13*q**2 - 102*q + 16. What is r(-8)?
0
Let i(p) = -8726*p - 17453. Calculate i(-2).
-1
Let g(l) = -270*l + 29417. Determine g(109).
-13
Let f(x) = -3721*x + 44645. Give f(12).
-7
Let f(p) = 214*p + 1046. What is f(-5)?
-24
Let i(m) = -5*m**2 + 21*m - 62. Give i(5).
-82
Let n(k) = -k**2 + 288*k - 4842. Determine n(18).
18
Let s(m) = 2*m**3 - 71*m**2 + 102*m + 28. Calculate s(34).
28
Let q(i) = i**2 - 147*i - 7260. What is q(-39)?
-6
Let a(u) = 31*u + 166. Determine a(-5).
11
Let z(b) = -311*b - 2796. What is z(-9)?
3
Let k(r) = -r**3 + 12*r**2 + 36*r + 122. Give k(15).
-13
Let t(r) = -571*r**2 - 19*r - 20. Calculate t(-1).
-572
Let k(z) = -4*z + 7. Determine k(2).
-1
Let g(t) = t**2 - 21*t + 118. Give g(12).
10
Let o(m) = 62*m + 709. What is o(-12)?
-35
Let w(u) = u**3 + 55*u**2 + 68*u + 719. Determine w(-54).
-37
Let l(p) = -p**2 - 11*p + 462. What is l(-31)?
-158
Let s(j) = -317*j + 41839. What is s(132)?
-5
Let a(p) = -42*p**2 + 285*p + 8. Calculate a(7).
-55
Let w(c) = 7*c**3 + 98*c**2 + 30*c + 413. What is w(-14)?
-7
Let u(g) = g**3 + 11*g**2 + 11*g + 15. Determine u(-10).
5
Let t(n) = 248*n + 1468. What is t(-6)?
-20
Let q(f) = f**3 + 46*f**2 + 8*f + 289. What is q(-46)?
-79
Let f(a) = a**3 + 24*a**2 + 30*a - 71. Determine f(-22).
237
Let r(x) = -x**3 + 84*x**2 + 21*x - 1760. Give r(84).
4
Let c(m) = 5*m + 521. Calculate c(-109).
-24
Let p(m) = -m**3 + 23*m**2 + 22*m + 78. Calculate p(24).
30
Let p(c) = -17*c**2 + 163*c + 260. What is p(11)?
-4
Let a(p) = -p**2 + 19*p - 14. Calculate a(12).
70
Let h(j) = 22*j**3 - 22*j**2 + 22*j + 1. What is h(1)?
23
Let b(t) = 20*t**2 - 41*t + 3. Calculate b(4).
159
Let d(a) = -2*a**2 + 1403*a - 61528. What is d(47)?
-5
Let m(h) = -2*h**2 + 42*h + 1068. Determine m(-15).
-12
Let a(c) = c**2 + 17*c. What is a(-4)?
-52
Let j(t) = 21*t - 205. What is j(9)?
-16
Let h(b) = -3*b - 271. Give h(-16).
-223
Let v(o) = -o**3 - 70*o**2 + 80*o + 962. Determine v(-71).
323
Let a(q) = 32*q + 297. Give a(-11).
-55
Let f(s) = -246*s + 1726. Calculate f(7).
4
Let r(b) = -3*b**3 - 77*b**2 + 20*b - 151. Calculate r(-26).
5
Let d(r) = 2*r**3 + 43*r**2 + 12*r - 116. Calculate d(-22).
-864
Let y(p) = -14*p + 671. Calculate y(55).
-99
Let w(n) = n**2 - 5*n - 21. Determine w(6).
-15
Let s(u) = 2*u**2 - 8. Determine s(4).
24
Let u(m) = -6*m**2 + 155*m - 898. Calculate u(17).
3
Let l(r) = -25*r**3 - 175*r - 176. Calculate l(-1).
24
Let t(k) = 2084*k - 70866. What is t(34)?
-10
Let i(k) = -51*k + 661. Determine i(13).
-2
Let h(z) = z**3 - 15*z**2 + 31*z - 209. Give h(14).
29
Let u(z) = -z**2 - 241*z - 14122. What is u(-100)?
-22
Let y(r) = -319*r + 684. Calculate y(2).
46
Let i(x) = 22*x - 211. What is i(23)?
295
Let i(z) = -2*z - 126. Give i(7).
-140
Let n(r) = 8*r**2 + 140*r - 85. Determine n(-16).
-277
Let o(n) = -n**3 + 42*n**2 + 45*n - 109. Determine o(43).
-23
Let z(t) = 2*t**2 + 382*t + 3960. Calculate z(-180).
0
Let r(h) = h**2 + 12*h - 42. Give r(-15).
3
Let r(z) = -80*z**3 + 2*z**2 - 2*z - 3. Give r(-1).
81
Let q(o) = -206*o - 2807. What is q(-13)?
-129
Let u(m) = -18*m**2 + 281*m + 282. Determine u(-1).
-17
Let f(t) = 4*t + 76. What is f(-17)?
8
Let w(r) = 4*r**2 - 20*r + 80. Determine w(4).
64
Let u(h) = -h + 74